{"version":"1.0","provider_name":"Koninklijke Belgische Bosbouwmaatschappij","provider_url":"https:\/\/srfb.be\/nl","author_name":"C\u00e9dric Staes","author_url":"https:\/\/srfb.be\/nl\/author\/cedric-staessrfb-kbbm-be\/","title":"Bilan &amp; perspectives des probl\u00e8mes sanitaires forestiers - Soci\u00e9t\u00e9 Royale Foresti\u00e8re de Belgique","type":"rich","width":600,"height":338,"html":"<blockquote class=\"wp-embedded-content\" data-secret=\"K10laBpqr7\"><a href=\"https:\/\/srfb.be\/nl\/old-formations\/bilan-perspectives-des-problemes-sanitaires-forestiers\/\">Overzicht en vooruitzichten van bosgezondheidsproblemen<\/a><\/blockquote><iframe sandbox=\"allow-scripts\" security=\"restricted\" src=\"https:\/\/srfb.be\/nl\/old-formations\/bilan-perspectives-des-problemes-sanitaires-forestiers\/embed\/#?secret=K10laBpqr7\" width=\"600\" height=\"338\" title=\"\u201cBilan &amp; vooruitzichten van bosziekteproblemen\u201d \u2014 Koninklijke Belgische Bosbouwmaatschappij\" data-secret=\"K10laBpqr7\" frameborder=\"0\" marginwidth=\"0\" marginheight=\"0\" scrolling=\"no\" class=\"wp-embedded-content\"><\/iframe><script type=\"text\/javascript\">\n\/* <![CDATA[ *\/\n\/*! This file is auto-generated *\/\n!function(d,l){\"use strict\";l.querySelector&&d.addEventListener&&\"undefined\"!=typeof URL&&(d.wp=d.wp||{},d.wp.receiveEmbedMessage||(d.wp.receiveEmbedMessage=function(e){var t=e.data;if((t||t.secret||t.message||t.value)&&!\/[^a-zA-Z0-9]\/.test(t.secret)){for(var s,r,n,a=l.querySelectorAll('iframe[data-secret=\"'+t.secret+'\"]'),o=l.querySelectorAll('blockquote[data-secret=\"'+t.secret+'\"]'),c=new RegExp(\"^https?:$\",\"i\"),i=0;i<o.length;i++)o[i].style.display=\"none\";for(i=0;i<a.length;i++)s=a[i],e.source===s.contentWindow&&(s.removeAttribute(\"style\"),\"height\"===t.message?(1e3<(r=parseInt(t.value,10))?r=1e3:~~r<200&&(r=200),s.height=r):\"link\"===t.message&&(r=new URL(s.getAttribute(\"src\")),n=new URL(t.value),c.test(n.protocol))&&n.host===r.host&&l.activeElement===s&&(d.top.location.href=t.value))}},d.addEventListener(\"message\",d.wp.receiveEmbedMessage,!1),l.addEventListener(\"DOMContentLoaded\",function(){for(var e,t,s=l.querySelectorAll(\"iframe.wp-embedded-content\"),r=0;r<s.length;r++)(t=(e=s[r]).getAttribute(\"data-secret\"))||(t=Math.random().toString(36).substring(2,12),e.src+=\"#?secret=\"+t,e.setAttribute(\"data-secret\",t)),e.contentWindow.postMessage({message:\"ready\",secret:t},\"*\")},!1)))}(window,document);\n\/\/# sourceURL=https:\/\/srfb.be\/wp-includes\/js\/wp-embed.min.js\n\/* ]]> *\/\n<\/script>","thumbnail_url":"https:\/\/srfb.be\/wp-content\/uploads\/2023\/04\/foret-web.jpg","thumbnail_width":1500,"thumbnail_height":1000,"description":"Objectifs Les s\u00e9cheresses r\u00e9p\u00e9t\u00e9es de ces derni\u00e8res ann\u00e9es ont entra\u00een\u00e9 l\u2019augmentation des probl\u00e8mes sanitaires en for\u00eat. Cette demi-journ\u00e9e de formation a pour objectif de faire le point sur les probl\u00e9matiques survenues en 2023 et \u00e9changer sur les perspectives d\u2019\u00e9volution en 2024. Une s\u00e9ance de questions r\u00e9ponses est pr\u00e9vue en fin de formation. Le module est... Read More"}

Cédric Staes

Bilan &amp; perspectives des problèmes sanitaires forestiers - Société Royale Forestière de Belgique

Objectifs Les sécheresses répétées de ces dernières années ont entraîné l’augmentation des problèmes sanitaires en forêt. Cette demi-journée de formation a pour objectif de faire le point sur les problématiques survenues en 2023 et échanger sur les perspectives d’évolution en 2024. Une séance de questions réponses est prévue en fin de formation. Le module est... Read More
