{"version":"1.0","provider_name":"Royal Forestry Society of Belgium","provider_url":"https:\/\/srfb.be\/en","author_name":"C\u00e9dric Staes","author_url":"https:\/\/srfb.be\/en\/author\/cedric-staessrfb-kbbm-be\/","title":"La SRFB a 125 ans ! - Soci\u00e9t\u00e9 Royale Foresti\u00e8re de Belgique","type":"rich","width":600,"height":338,"html":"<blockquote class=\"wp-embedded-content\" data-secret=\"DyLudUQvbX\"><a href=\"https:\/\/srfb.be\/en\/2018\/05\/25\/la-srfb-a-125-ans\/\">SRFB is 125 years old!<\/a><\/blockquote><iframe sandbox=\"allow-scripts\" security=\"restricted\" src=\"https:\/\/srfb.be\/en\/2018\/05\/25\/la-srfb-a-125-ans\/embed\/#?secret=DyLudUQvbX\" width=\"600\" height=\"338\" title=\"&#8220;La SRFB a 125 ans !&#8221; &#8212; Soci\u00e9t\u00e9 Royale Foresti\u00e8re de Belgique\" data-secret=\"DyLudUQvbX\" frameborder=\"0\" marginwidth=\"0\" marginheight=\"0\" scrolling=\"no\" class=\"wp-embedded-content\"><\/iframe><script type=\"text\/javascript\">\n\/* <![CDATA[ *\/\n\/*! This file is auto-generated *\/\n!function(d,l){\"use strict\";l.querySelector&&d.addEventListener&&\"undefined\"!=typeof URL&&(d.wp=d.wp||{},d.wp.receiveEmbedMessage||(d.wp.receiveEmbedMessage=function(e){var t=e.data;if((t||t.secret||t.message||t.value)&&!\/[^a-zA-Z0-9]\/.test(t.secret)){for(var s,r,n,a=l.querySelectorAll('iframe[data-secret=\"'+t.secret+'\"]'),o=l.querySelectorAll('blockquote[data-secret=\"'+t.secret+'\"]'),c=new RegExp(\"^https?:$\",\"i\"),i=0;i<o.length;i++)o[i].style.display=\"none\";for(i=0;i<a.length;i++)s=a[i],e.source===s.contentWindow&&(s.removeAttribute(\"style\"),\"height\"===t.message?(1e3<(r=parseInt(t.value,10))?r=1e3:~~r<200&&(r=200),s.height=r):\"link\"===t.message&&(r=new URL(s.getAttribute(\"src\")),n=new URL(t.value),c.test(n.protocol))&&n.host===r.host&&l.activeElement===s&&(d.top.location.href=t.value))}},d.addEventListener(\"message\",d.wp.receiveEmbedMessage,!1),l.addEventListener(\"DOMContentLoaded\",function(){for(var e,t,s=l.querySelectorAll(\"iframe.wp-embedded-content\"),r=0;r<s.length;r++)(t=(e=s[r]).getAttribute(\"data-secret\"))||(t=Math.random().toString(36).substring(2,12),e.src+=\"#?secret=\"+t,e.setAttribute(\"data-secret\",t)),e.contentWindow.postMessage({message:\"ready\",secret:t},\"*\")},!1)))}(window,document);\n\/\/# sourceURL=https:\/\/srfb.be\/wp-includes\/js\/wp-embed.min.js\n\/* ]]> *\/\n<\/script>","description":"La Soci\u00e9t\u00e9 Royale Foresti\u00e8re de Belgique f\u00eate ses 125 ans en 2018. Retrouvez sur cette page tout ce qui a trait \u00e0 cet anniversaire: histoire, activit\u00e9s et projet. 125 ans au service de la for\u00eat et des forestiers Depuis 1893, la Foresti\u00e8re et avec elle des g\u00e9n\u00e9rations de forestiers, ont oeuvr\u00e9 \u00e0 la promotion, la... Read More"}

Cédric Staes

La SRFB a 125 ans ! - Société Royale Forestière de Belgique

<blockquote class="wp-embedded-content" data-secret="DyLudUQvbX"><a href="https://srfb.be/en/2018/05/25/la-srfb-a-125-ans/">SRFB is 125 years old!</a></blockquote><iframe sandbox="allow-scripts" security="restricted" src="https://srfb.be/en/2018/05/25/la-srfb-a-125-ans/embed/#?secret=DyLudUQvbX" width="600" height="338" title="&#8220;La SRFB a 125 ans !&#8221; &#8212; Société Royale Forestière de Belgique" data-secret="DyLudUQvbX" frameborder="0" marginwidth="0" marginheight="0" scrolling="no" class="wp-embedded-content"></iframe><script type="text/javascript">
/* <![CDATA[ */
/*! This file is auto-generated */
!function(d,l){"use strict";l.querySelector&&d.addEventListener&&"undefined"!=typeof URL&&(d.wp=d.wp||{},d.wp.receiveEmbedMessage||(d.wp.receiveEmbedMessage=function(e){var t=e.data;if((t||t.secret||t.message||t.value)&&!/[^a-zA-Z0-9]/.test(t.secret)){for(var s,r,n,a=l.querySelectorAll('iframe[data-secret="'+t.secret+'"]'),o=l.querySelectorAll('blockquote[data-secret="'+t.secret+'"]'),c=new RegExp("^https?:$","i"),i=0;i<o.length;i++)o[i].style.display="none";for(i=0;i<a.length;i++)s=a[i],e.source===s.contentWindow&&(s.removeAttribute("style"),"height"===t.message?(1e3<(r=parseInt(t.value,10))?r=1e3:~~r<200&&(r=200),s.height=r):"link"===t.message&&(r=new URL(s.getAttribute("src")),n=new URL(t.value),c.test(n.protocol))&&n.host===r.host&&l.activeElement===s&&(d.top.location.href=t.value))}},d.addEventListener("message",d.wp.receiveEmbedMessage,!1),l.addEventListener("DOMContentLoaded",function(){for(var e,t,s=l.querySelectorAll("iframe.wp-embedded-content"),r=0;r<s.length;r++)(t=(e=s[r]).getAttribute("data-secret"))||(t=Math.random().toString(36).substring(2,12),e.src+="#?secret="+t,e.setAttribute("data-secret",t)),e.contentWindow.postMessage({message:"ready",secret:t},"*")},!1)))}(window,document);
//# sourceURL=https://srfb.be/wp-includes/js/wp-embed.min.js
/* ]]> */
</script>

La Société Royale Forestière de Belgique fête ses 125 ans en 2018. Retrouvez sur cette page tout ce qui a trait à cet anniversaire: histoire, activités et projet. 125 ans au service de la forêt et des forestiers Depuis 1893, la Forestière et avec elle des générations de forestiers, ont oeuvré à la promotion, la... Read More
