{"id":10741,"date":"2020-03-20T13:10:26","date_gmt":"2020-03-20T12:10:26","guid":{"rendered":"https:\/\/new.srfb.be\/?post_type=product&#038;p=10741"},"modified":"2025-12-15T19:54:03","modified_gmt":"2025-12-15T18:54:03","slug":"la-foret-en-belgique","status":"publish","type":"product","link":"https:\/\/srfb.be\/de\/forest-shop\/la-foret-en-belgique\/","title":{"rendered":"Der Wald in Belgien"},"content":{"rendered":"","protected":false},"excerpt":{"rendered":"<p>Fast 700.000 Hektar Wald bedecken unser Staatsgebiet: eine einzigartige Ressource und ein einzigartiges Erbe! Die belgischen W\u00e4lder sind vielf\u00e4ltig, werden seit Jahrhunderten bewirtschaftet, stehen im Mittelpunkt der heutigen gesellschaftlichen Herausforderungen und sind einer der Akteure unserer nachhaltigen Entwicklung. Anhand einer Auswahl von etwa 30 W\u00e4ldern, die so angelegt sind, dass sie das gesamte belgische Staatsgebiet abdecken, f\u00fchrt Olivier Baudry den Leser durch die gro\u00dfen Fragen und Themen des Waldes: die Zyklen des Waldes und der B\u00e4ume, die Situation der W\u00e4lder in Belgien, die wichtigsten Baumarten, die nachhaltige Bewirtschaftung des Waldes, die Spuren der Vergangenheit, die Arbeit des Menschen, die Fauna und Flora, der Schutz von Wasser und B\u00f6den sowie die Verbindung zur Landwirtschaft.<\/p>\n<p><strong>26 x 30 cm, 194 Seiten<\/strong><\/p>\n<p>Autorin:\u00a0<strong>Olivier Baudry &amp; Fr\u00e9d\u00e9ric Demeuse<br \/>\n<\/strong>Herausgeber : <strong>Wurzel<br \/>\n<\/strong><\/p>","protected":false},"featured_media":10742,"comment_status":"open","ping_status":"closed","template":"","meta":{"iawp_total_views":202},"product_brand":[],"product_cat":[691,689,314],"product_tag":[],"class_list":["post-10741","product","type-product","status-publish","has-post-thumbnail","product_cat-biodiversite","product_cat-foret-de-soignes","product_cat-sylviculture","first","outofstock","shipping-taxable","purchasable","product-type-simple"],"_links":{"self":[{"href":"https:\/\/srfb.be\/de\/wp-json\/wp\/v2\/product\/10741","targetHints":{"allow":["GET"]}}],"collection":[{"href":"https:\/\/srfb.be\/de\/wp-json\/wp\/v2\/product"}],"about":[{"href":"https:\/\/srfb.be\/de\/wp-json\/wp\/v2\/types\/product"}],"replies":[{"embeddable":true,"href":"https:\/\/srfb.be\/de\/wp-json\/wp\/v2\/comments?post=10741"}],"wp:featuredmedia":[{"embeddable":true,"href":"https:\/\/srfb.be\/de\/wp-json\/wp\/v2\/media\/10742"}],"wp:attachment":[{"href":"https:\/\/srfb.be\/de\/wp-json\/wp\/v2\/media?parent=10741"}],"wp:term":[{"taxonomy":"product_brand","embeddable":true,"href":"https:\/\/srfb.be\/de\/wp-json\/wp\/v2\/product_brand?post=10741"},{"taxonomy":"product_cat","embeddable":true,"href":"https:\/\/srfb.be\/de\/wp-json\/wp\/v2\/product_cat?post=10741"},{"taxonomy":"product_tag","embeddable":true,"href":"https:\/\/srfb.be\/de\/wp-json\/wp\/v2\/product_tag?post=10741"}],"curies":[{"name":"wp","href":"https:\/\/api.w.org\/{rel}","templated":true}]}}

<p>Fast 700.000 Hektar Wald bedecken unser Staatsgebiet: eine einzigartige Ressource und ein einzigartiges Erbe! Die belgischen Wälder sind vielfältig, werden seit Jahrhunderten bewirtschaftet, stehen im Mittelpunkt der heutigen gesellschaftlichen Herausforderungen und sind einer der Akteure unserer nachhaltigen Entwicklung. Anhand einer Auswahl von etwa 30 Wäldern, die so angelegt sind, dass sie das gesamte belgische Staatsgebiet abdecken, führt Olivier Baudry den Leser durch die großen Fragen und Themen des Waldes: die Zyklen des Waldes und der Bäume, die Situation der Wälder in Belgien, die wichtigsten Baumarten, die nachhaltige Bewirtschaftung des Waldes, die Spuren der Vergangenheit, die Arbeit des Menschen, die Fauna und Flora, der Schutz von Wasser und Böden sowie die Verbindung zur Landwirtschaft.</p>
<p><strong>26 x 30 cm, 194 Seiten</strong></p>
<p>Autorin: <strong>Olivier Baudry &amp; Frédéric Demeuse<br />
</strong>Herausgeber : <strong>Wurzel<br />
</strong></p>
